{"id":196,"date":"2022-12-07T14:22:58","date_gmt":"2022-12-07T13:22:58","guid":{"rendered":"https:\/\/www.tambourchaman.fr\/?page_id=196"},"modified":"2025-04-01T15:25:05","modified_gmt":"2025-04-01T13:25:05","slug":"lieu-deroule","status":"publish","type":"page","link":"https:\/\/www.tambourchaman.fr\/index.php\/lieu-deroule\/","title":{"rendered":"Lieu &amp; d\u00e9roul\u00e9"},"content":{"rendered":"\n[et_pb_section fb_built=&#8221;1&#8243; admin_label=&#8221;Hero&#8221; _builder_version=&#8221;4.16&#8243; background_image=&#8221;http:\/\/www.tambourchaman.fr\/wp-content\/uploads\/2022\/12\/plume-tambour-chamanique-tende-roya.jpg&#8221; background_size=&#8221;initial&#8221; custom_margin=&#8221;|||&#8221; custom_padding=&#8221;99px||43px|||&#8221; global_colors_info=&#8221;{}&#8221;][et_pb_row _builder_version=&#8221;4.16&#8243; background_size=&#8221;initial&#8221; background_position=&#8221;top_left&#8221; background_repeat=&#8221;repeat&#8221; global_colors_info=&#8221;{}&#8221;][et_pb_column type=&#8221;4_4&#8243; _builder_version=&#8221;4.16&#8243; custom_padding=&#8221;|||&#8221; global_colors_info=&#8221;{}&#8221; custom_padding__hover=&#8221;|||&#8221;][et_pb_text admin_label=&#8221;Title&#8221; _builder_version=&#8221;4.16&#8243; header_font=&#8221;Cormorant Garamond|700|||||||&#8221; header_text_align=&#8221;center&#8221; header_font_size=&#8221;64px&#8221; animation_style=&#8221;fade&#8221; inline_fonts=&#8221;Amita&#8221; global_colors_info=&#8221;{}&#8221;]<h1><span style=\"font-family: Amita;\">A qui s&#8217;adresse ces s\u00e9jours?<\/span><\/h1>[\/et_pb_text][et_pb_text _builder_version=&#8221;4.27.4&#8243; text_font=&#8221;Cormorant Garamond|500|||||||&#8221; text_text_color=&#8221;#1e1e1e&#8221; text_font_size=&#8221;24px&#8221; text_line_height=&#8221;1.6em&#8221; text_orientation=&#8221;center&#8221; animation_style=&#8221;fold&#8221; animation_direction=&#8221;bottom&#8221; animation_intensity_fold=&#8221;5%&#8221; animation_starting_opacity=&#8221;100%&#8221; global_colors_info=&#8221;{}&#8221;]<p>A tous ceux qui ont foi dans les pratiques holistiques et sagesses ancestrales pour avancer sur le chemin vers soi, en confiance et dans l&#8217;ouverture du coeur.<br \/>Ceux qui cherchent \u00e0 devenir plus autonomes, qui aiment les choses simples et authentiques de la vie.<\/p>\n<p>.<\/p>[\/et_pb_text][\/et_pb_column][\/et_pb_row][\/et_pb_section][et_pb_section fb_built=&#8221;1&#8243; admin_label=&#8221;Features&#8221; _builder_version=&#8221;4.16&#8243; custom_margin=&#8221;|||&#8221; custom_padding=&#8221;||70px|||&#8221; global_colors_info=&#8221;{}&#8221;][et_pb_row column_structure=&#8221;2_3,1_3&#8243; custom_padding_last_edited=&#8221;on|phone&#8221; _builder_version=&#8221;4.16&#8243; background_image=&#8221;http:\/\/www.tambourchaman.fr\/wp-content\/uploads\/2022\/12\/stage-fabrication-tambour-mercantour.jpg&#8221; custom_margin=&#8221;|||&#8221; custom_padding=&#8221;80px|50px|80px|50px&#8221; custom_padding_tablet=&#8221;&#8221; custom_padding_phone=&#8221;|20px||20px&#8221; global_colors_info=&#8221;{}&#8221;][et_pb_column type=&#8221;2_3&#8243; _builder_version=&#8221;4.16&#8243; custom_padding=&#8221;|||&#8221; global_colors_info=&#8221;{}&#8221; custom_padding__hover=&#8221;|||&#8221;][et_pb_text _builder_version=&#8221;4.27.4&#8243; text_font=&#8221;Cormorant Garamond|500|||||||&#8221; text_text_color=&#8221;#1e1e1e&#8221; text_font_size=&#8221;20px&#8221; text_line_height=&#8221;1.6em&#8221; header_font=&#8221;||||||||&#8221; header_4_font=&#8221;Montserrat|500|||||||&#8221; header_4_font_size=&#8221;16px&#8221; header_4_line_height=&#8221;2em&#8221; background_color=&#8221;#ffffff&#8221; custom_margin=&#8221;|||&#8221; custom_padding=&#8221;40px|40px|40px|40px&#8221; animation_style=&#8221;slide&#8221; animation_direction=&#8221;right&#8221; animation_intensity_slide=&#8221;5%&#8221; animation_starting_opacity=&#8221;100%&#8221; link_option_url=&#8221;https:\/\/www.hebergementlescarlines.fr\/&#8221; global_colors_info=&#8221;{}&#8221;]<h4>Le lieu<\/h4>\n<p style=\"text-align: justify;\">Lors de ce s\u00e9jour, tu sera acceuillis aux &#8220;Carlines&#8221;, espace d\u2019accueil et d&#8217;h\u00e9bergement, situ\u00e9 au c\u0153ur des montagnes de la vall\u00e9e de la Roya, dans un cadre ressour\u00e7ant et naturel.<\/p>\n<p style=\"text-align: justify;\">[\/et_pb_text][\/et_pb_column][et_pb_column type=&#8221;1_3&#8243; _builder_version=&#8221;4.16&#8243; custom_padding=&#8221;|||&#8221; global_colors_info=&#8221;{}&#8221; custom_padding__hover=&#8221;|||&#8221;][\/et_pb_column][\/et_pb_row][et_pb_row column_structure=&#8221;1_3,2_3&#8243; custom_padding_last_edited=&#8221;on|phone&#8221; _builder_version=&#8221;4.16&#8243; background_image=&#8221;http:\/\/www.tambourchaman.fr\/wp-content\/uploads\/2022\/12\/stage-3-jours-fabrication-de-tambour-Roya-tende.jpg&#8221; custom_margin=&#8221;50px|||&#8221; custom_padding=&#8221;90px|50px|90px|50px&#8221; custom_padding_tablet=&#8221;&#8221; custom_padding_phone=&#8221;|20px||20px&#8221; global_colors_info=&#8221;{}&#8221;][et_pb_column type=&#8221;1_3&#8243; _builder_version=&#8221;4.16&#8243; custom_padding=&#8221;|||&#8221; global_colors_info=&#8221;{}&#8221; custom_padding__hover=&#8221;|||&#8221;][\/et_pb_column][et_pb_column type=&#8221;2_3&#8243; _builder_version=&#8221;4.16&#8243; custom_padding=&#8221;|||&#8221; global_colors_info=&#8221;{}&#8221; custom_padding__hover=&#8221;|||&#8221;][et_pb_text _builder_version=&#8221;4.27.4&#8243; text_font=&#8221;Cormorant Garamond|500|||||||&#8221; text_text_color=&#8221;#1e1e1e&#8221; text_font_size=&#8221;20px&#8221; text_line_height=&#8221;1.6em&#8221; header_font=&#8221;||||||||&#8221; header_4_font=&#8221;Montserrat|500|||||||&#8221; header_4_font_size=&#8221;16px&#8221; header_4_line_height=&#8221;2em&#8221; background_color=&#8221;#ffffff&#8221; custom_margin=&#8221;|||&#8221; custom_padding=&#8221;40px|40px|40px|40px&#8221; animation_style=&#8221;slide&#8221; animation_direction=&#8221;left&#8221; animation_intensity_slide=&#8221;5%&#8221; animation_starting_opacity=&#8221;100%&#8221; global_colors_info=&#8221;{}&#8221;]<p>\u00a0La cuisine<\/p>\n<p>Dans un esprit de partage et d&#8217;\u00e9change, toutes les personnes pr\u00e9sentes aident \u00e0 la pr\u00e9paration et la mise en place des repas.<\/p>\n<p>Ceux ci sont v\u00e9g\u00e9tariens et confectionn\u00e9s avec des produits locaux issus de l&#8217;agriculture biologique, en conscience du respect de la terre et de notre sant\u00e9.<\/p>\n<p>&nbsp;<\/p>\n<p>&nbsp;<\/p>[\/et_pb_text][\/et_pb_column][\/et_pb_row][et_pb_row column_structure=&#8221;2_3,1_3&#8243; custom_padding_last_edited=&#8221;on|phone&#8221; _builder_version=&#8221;4.16&#8243; background_image=&#8221;http:\/\/www.tambourchaman.fr\/wp-content\/uploads\/2022\/11\/cropped-tambourchamanYaka.jpg&#8221; custom_margin=&#8221;50px|||&#8221; custom_padding=&#8221;90px|50px|90px|50px&#8221; custom_padding_tablet=&#8221;&#8221; custom_padding_phone=&#8221;|20px||20px&#8221; global_colors_info=&#8221;{}&#8221;][et_pb_column type=&#8221;2_3&#8243; _builder_version=&#8221;4.16&#8243; custom_padding=&#8221;|||&#8221; global_colors_info=&#8221;{}&#8221; custom_padding__hover=&#8221;|||&#8221;][et_pb_text _builder_version=&#8221;4.27.4&#8243; text_font=&#8221;Cormorant Garamond|500|||||||&#8221; text_text_color=&#8221;#1e1e1e&#8221; text_font_size=&#8221;20px&#8221; text_line_height=&#8221;1.6em&#8221; header_font=&#8221;||||||||&#8221; header_4_font=&#8221;Montserrat|500|||||||&#8221; header_4_font_size=&#8221;16px&#8221; header_4_line_height=&#8221;2em&#8221; background_color=&#8221;#ffffff&#8221; custom_margin=&#8221;|||&#8221; custom_padding=&#8221;40px|40px|40px|40px&#8221; animation_style=&#8221;slide&#8221; animation_direction=&#8221;right&#8221; animation_intensity_slide=&#8221;5%&#8221; animation_starting_opacity=&#8221;100%&#8221; hover_enabled=&#8221;0&#8243; global_colors_info=&#8221;{}&#8221; sticky_enabled=&#8221;0&#8243;]<h4>\u00a0 Au fil du temps<\/h4>\n<p style=\"text-align: justify;\">Ton passage sur plusieurs jours<\/p>\n<p style=\"text-align: justify;\">1 er soir, nous ferons connaissance autour d&#8217; un repas partag\u00e9, puis nous commencerons le chemin ensemble lors d&#8217;une pratique du soir avant d&#8217;aller dormir.<\/p>\n<p style=\"text-align: justify;\">Je t&#8217;invite \u00e0 \u00eatre en pr\u00e9sence et en conscience en lien avec l&#8217;environnement et ceux qui t&#8217;entourent.<br \/>En \u00e9coutant ton intuition, tu poseras une intention pour toi.<\/p>\n<p style=\"text-align: justify;\">Que veux tu voir se r\u00e9aliser dans ta vie?<\/p>\n<p style=\"text-align: justify;\">[\/et_pb_text][\/et_pb_column][et_pb_column type=&#8221;1_3&#8243; _builder_version=&#8221;4.16&#8243; custom_padding=&#8221;|||&#8221; global_colors_info=&#8221;{}&#8221; custom_padding__hover=&#8221;|||&#8221;][\/et_pb_column][\/et_pb_row][\/et_pb_section][et_pb_section fb_built=&#8221;1&#8243; admin_label=&#8221;Features&#8221; _builder_version=&#8221;4.16&#8243; custom_padding=&#8221;48px||8px|||&#8221; global_colors_info=&#8221;{}&#8221;][et_pb_row _builder_version=&#8221;4.16&#8243; custom_margin=&#8221;|||&#8221; custom_padding=&#8221;||20px|||&#8221; animation_style=&#8221;fade&#8221; global_colors_info=&#8221;{}&#8221;][et_pb_column type=&#8221;4_4&#8243; _builder_version=&#8221;4.16&#8243; custom_padding=&#8221;|||&#8221; global_colors_info=&#8221;{}&#8221; custom_padding__hover=&#8221;|||&#8221;][et_pb_text admin_label=&#8221;Title&#8221; _builder_version=&#8221;4.16&#8243; header_font=&#8221;||||||||&#8221; header_2_font=&#8221;Cormorant Garamond|500|||||||&#8221; header_2_text_align=&#8221;center&#8221; header_2_font_size=&#8221;50px&#8221; animation_style=&#8221;fade&#8221; global_colors_info=&#8221;{}&#8221;]<h2>C\u00f4t\u00e9 valise ?<\/h2>[\/et_pb_text][et_pb_divider color=&#8221;#cccccc&#8221; divider_weight=&#8221;2px&#8221; _builder_version=&#8221;4.16&#8243; max_width=&#8221;80px&#8221; max_width_tablet=&#8221;150px&#8221; max_width_phone=&#8221;150px&#8221; max_width_last_edited=&#8221;off|desktop&#8221; module_alignment=&#8221;center&#8221; animation_style=&#8221;fade&#8221; global_colors_info=&#8221;{}&#8221;][\/et_pb_divider][\/et_pb_column][\/et_pb_row][et_pb_row column_structure=&#8221;1_2,1_2&#8243; admin_label=&#8221;Benifits Row&#8221; _builder_version=&#8221;4.16&#8243; global_colors_info=&#8221;{}&#8221;][et_pb_column type=&#8221;1_2&#8243; _builder_version=&#8221;4.16&#8243; custom_padding=&#8221;|||&#8221; global_colors_info=&#8221;{}&#8221; custom_padding__hover=&#8221;|||&#8221;][et_pb_blurb use_icon=&#8221;on&#8221; font_icon=&#8221;&#xe002;||divi||400&#8243; icon_color=&#8221;#ffffff&#8221; image_icon_background_color=&#8221;#8855a0&#8243; icon_placement=&#8221;left&#8221; image_icon_width=&#8221;26px&#8221; image_icon_width_tablet=&#8221;26px&#8221; image_icon_width_phone=&#8221;26px&#8221; image_icon_width_last_edited=&#8221;on|tablet&#8221; _builder_version=&#8221;4.16&#8243; header_font=&#8221;Cormorant Garamond|600|||||||&#8221; header_font_size=&#8221;24px&#8221; header_line_height=&#8221;1.3em&#8221; body_font=&#8221;Cormorant Garamond||||||||&#8221; body_font_size=&#8221;20px&#8221; body_line_height=&#8221;1.8em&#8221; image_icon_custom_padding=&#8221;8px|8px|8px|8px|false|false&#8221; custom_margin=&#8221;||70px|&#8221; border_radii_image=&#8221;on|100%|100%|100%|100%&#8221; icon_font_size=&#8221;26px&#8221; icon_font_size_tablet=&#8221;&#8221; icon_font_size_phone=&#8221;&#8221; icon_font_size_last_edited=&#8221;on|tablet&#8221; use_circle=&#8221;on&#8221; circle_color=&#8221;#8855a0&#8243; global_colors_info=&#8221;{}&#8221; image_icon_background_color__sticky_enabled=&#8221;#7EBEC5&#8243; image_icon_background_color__sticky=&#8221;#7EBEC5&#8243;]<p style=\"text-align: justify;\">Bien que le lieu se situe dans les Alpes du Sud, \u00e0 1h de la C\u00f4te d&#8217;Azur, les temp\u00e9ratures sont tr\u00e8s variables et peuvent aller du tr\u00e8s chaud au tr\u00e8s froid.\nPenses \u00e0 prendre des <strong>v\u00eatements pour avoir chaud<\/strong> mais aussi un <strong>maillot de bain<\/strong> car la rivi\u00e8re n&#8217;est pas tr\u00e8s loin.<\/p>[\/et_pb_blurb][et_pb_blurb use_icon=&#8221;on&#8221; font_icon=&#8221;&#xe009;||divi||400&#8243; icon_color=&#8221;#ffffff&#8221; image_icon_background_color=&#8221;#8855a0&#8243; icon_placement=&#8221;left&#8221; image_icon_width=&#8221;26px&#8221; image_icon_width_tablet=&#8221;26px&#8221; image_icon_width_phone=&#8221;26px&#8221; image_icon_width_last_edited=&#8221;on|tablet&#8221; _builder_version=&#8221;4.16&#8243; header_font=&#8221;Cormorant Garamond|600|||||||&#8221; header_font_size=&#8221;24px&#8221; header_line_height=&#8221;1.3em&#8221; body_font=&#8221;Cormorant Garamond||||||||&#8221; body_font_size=&#8221;20px&#8221; body_line_height=&#8221;1.8em&#8221; image_icon_custom_padding=&#8221;8px|8px|8px|8px|false|false&#8221; custom_margin=&#8221;||70px|&#8221; border_radii_image=&#8221;on|100%|100%|100%|100%&#8221; icon_font_size=&#8221;26px&#8221; icon_font_size_tablet=&#8221;&#8221; icon_font_size_phone=&#8221;&#8221; icon_font_size_last_edited=&#8221;on|tablet&#8221; use_circle=&#8221;on&#8221; circle_color=&#8221;#8855a0&#8243; global_colors_info=&#8221;{}&#8221; image_icon_background_color__sticky_enabled=&#8221;#7EBEC5&#8243; image_icon_background_color__sticky=&#8221;#7EBEC5&#8243;]<p style=\"text-align: justify;\">Pensez \u00e0 emmener votre propre linge de maison, les draps (lit simple de 90 x190 cm) et le n\u00e9cessaire de toilette (serviettes, savon &amp; shampoing \u00e9co-responsable) ne sont pas fournis. Pensez \u00e9galement \u00e0 prendre un duvet.<\/p>[\/et_pb_blurb][et_pb_blurb use_icon=&#8221;on&#8221; font_icon=&#8221;&#xe006;||divi||400&#8243; icon_color=&#8221;#ffffff&#8221; image_icon_background_color=&#8221;#8855a0&#8243; icon_placement=&#8221;left&#8221; image_icon_width=&#8221;26px&#8221; image_icon_width_tablet=&#8221;26px&#8221; image_icon_width_phone=&#8221;26px&#8221; image_icon_width_last_edited=&#8221;on|tablet&#8221; _builder_version=&#8221;4.27.4&#8243; header_font=&#8221;Cormorant Garamond|600|||||||&#8221; header_font_size=&#8221;24px&#8221; header_line_height=&#8221;1.3em&#8221; body_font=&#8221;Cormorant Garamond||||||||&#8221; body_font_size=&#8221;20px&#8221; body_line_height=&#8221;1.8em&#8221; image_icon_custom_padding=&#8221;8px|8px|8px|8px|false|false&#8221; custom_margin=&#8221;||70px|&#8221; custom_margin_tablet=&#8221;||40px|&#8221; custom_margin_phone=&#8221;&#8221; custom_margin_last_edited=&#8221;on|desktop&#8221; hover_enabled=&#8221;0&#8243; border_radii_image=&#8221;on|100%|100%|100%|100%&#8221; icon_font_size=&#8221;26px&#8221; icon_font_size_tablet=&#8221;&#8221; icon_font_size_phone=&#8221;&#8221; icon_font_size_last_edited=&#8221;on|tablet&#8221; use_circle=&#8221;on&#8221; circle_color=&#8221;#8855a0&#8243; global_colors_info=&#8221;{}&#8221; image_icon_background_color__sticky_enabled=&#8221;#7EBEC5&#8243; image_icon_background_color__sticky=&#8221;#7EBEC5&#8243; sticky_enabled=&#8221;0&#8243;]<p style=\"text-align: justify;\">Si l&#8217;envie vous prend d&#8217;\u00eatreen immersion directe avec la nature, une zone de camping est disponible.<\/p>\n<p style=\"text-align: justify;\">Pour les campeuses (eurs) volontaires, le mat\u00e9riel de camping est compris sur place, hors matelas de sol et duvet.<\/p>[\/et_pb_blurb][\/et_pb_column][et_pb_column type=&#8221;1_2&#8243; _builder_version=&#8221;4.16&#8243; custom_padding=&#8221;|||&#8221; global_colors_info=&#8221;{}&#8221; custom_padding__hover=&#8221;|||&#8221;][et_pb_blurb use_icon=&#8221;on&#8221; font_icon=&#8221;&#xe005;||divi||400&#8243; icon_color=&#8221;#ffffff&#8221; image_icon_background_color=&#8221;#8855a0&#8243; icon_placement=&#8221;left&#8221; image_icon_width=&#8221;26px&#8221; image_icon_width_tablet=&#8221;26px&#8221; image_icon_width_phone=&#8221;26px&#8221; image_icon_width_last_edited=&#8221;on|tablet&#8221; _builder_version=&#8221;4.16&#8243; header_font=&#8221;Cormorant Garamond|600|||||||&#8221; header_font_size=&#8221;24px&#8221; header_line_height=&#8221;1.3em&#8221; body_font=&#8221;Cormorant Garamond||||||||&#8221; body_font_size=&#8221;20px&#8221; body_line_height=&#8221;1.8em&#8221; image_icon_custom_padding=&#8221;8px|8px|8px|8px|false|false&#8221; custom_margin=&#8221;||70px|&#8221; custom_padding=&#8221;0px|||||&#8221; border_radii_image=&#8221;on|100%|100%|100%|100%&#8221; icon_font_size=&#8221;26px&#8221; icon_font_size_tablet=&#8221;&#8221; icon_font_size_phone=&#8221;&#8221; icon_font_size_last_edited=&#8221;on|tablet&#8221; use_circle=&#8221;on&#8221; circle_color=&#8221;#8855a0&#8243; global_colors_info=&#8221;{}&#8221; image_icon_background_color__sticky_enabled=&#8221;#7EBEC5&#8243; image_icon_background_color__sticky=&#8221;#7EBEC5&#8243;]<p style=\"text-align: justify;\">Le relief est escarp\u00e9, aussi de bonnes chaussures de marche (<strong>baskets, chaussures de montagne<\/strong>) sont indispensables.<\/p>[\/et_pb_blurb][et_pb_blurb use_icon=&#8221;on&#8221; font_icon=&#8221;&#xe036;||divi||400&#8243; icon_color=&#8221;#ffffff&#8221; image_icon_background_color=&#8221;#8855a0&#8243; icon_placement=&#8221;left&#8221; image_icon_width=&#8221;26px&#8221; image_icon_width_tablet=&#8221;26px&#8221; image_icon_width_phone=&#8221;26px&#8221; image_icon_width_last_edited=&#8221;on|tablet&#8221; _builder_version=&#8221;4.27.4&#8243; header_font=&#8221;Cormorant Garamond|600|||||||&#8221; header_font_size=&#8221;24px&#8221; header_line_height=&#8221;1.3em&#8221; body_font=&#8221;Cormorant Garamond||||||||&#8221; body_font_size=&#8221;20px&#8221; body_line_height=&#8221;1.8em&#8221; image_icon_custom_padding=&#8221;8px|8px|8px|8px|false|false&#8221; custom_margin=&#8221;||70px|&#8221; border_radii_image=&#8221;on|100%|100%|100%|100%&#8221; icon_font_size=&#8221;26px&#8221; icon_font_size_tablet=&#8221;&#8221; icon_font_size_phone=&#8221;&#8221; icon_font_size_last_edited=&#8221;on|tablet&#8221; use_circle=&#8221;on&#8221; circle_color=&#8221;#8855a0&#8243; global_colors_info=&#8221;{}&#8221; image_icon_background_color__sticky_enabled=&#8221;#7EBEC5&#8243; image_icon_background_color__sticky=&#8221;#7EBEC5&#8243;] n\u00e9cessaire \n&#8211; des bougies et encens de votre choix\n&#8211; offrandes.[\/et_pb_blurb][\/et_pb_column][\/et_pb_row][\/et_pb_section]\n","protected":false},"excerpt":{"rendered":"<p>A qui s&#8217;adresse ces s\u00e9jours?A tous ceux qui ont foi dans les pratiques holistiques et sagesses ancestrales pour avancer sur le chemin vers soi, en confiance et dans l&#8217;ouverture du coeur.Ceux qui cherchent \u00e0 devenir plus autonomes, qui aiment les choses simples et authentiques de la vie. .Le lieu Lors de ce s\u00e9jour, tu sera [&hellip;]<\/p>\n","protected":false},"author":1,"featured_media":0,"parent":0,"menu_order":0,"comment_status":"closed","ping_status":"closed","template":"","meta":{"_et_pb_use_builder":"on","_et_pb_old_content":"","_et_gb_content_width":"","_mc_calendar":[],"footnotes":""},"class_list":["post-196","page","type-page","status-publish","hentry"],"_links":{"self":[{"href":"https:\/\/www.tambourchaman.fr\/index.php\/wp-json\/wp\/v2\/pages\/196","targetHints":{"allow":["GET"]}}],"collection":[{"href":"https:\/\/www.tambourchaman.fr\/index.php\/wp-json\/wp\/v2\/pages"}],"about":[{"href":"https:\/\/www.tambourchaman.fr\/index.php\/wp-json\/wp\/v2\/types\/page"}],"author":[{"embeddable":true,"href":"https:\/\/www.tambourchaman.fr\/index.php\/wp-json\/wp\/v2\/users\/1"}],"replies":[{"embeddable":true,"href":"https:\/\/www.tambourchaman.fr\/index.php\/wp-json\/wp\/v2\/comments?post=196"}],"version-history":[{"count":43,"href":"https:\/\/www.tambourchaman.fr\/index.php\/wp-json\/wp\/v2\/pages\/196\/revisions"}],"predecessor-version":[{"id":389,"href":"https:\/\/www.tambourchaman.fr\/index.php\/wp-json\/wp\/v2\/pages\/196\/revisions\/389"}],"wp:attachment":[{"href":"https:\/\/www.tambourchaman.fr\/index.php\/wp-json\/wp\/v2\/media?parent=196"}],"curies":[{"name":"wp","href":"https:\/\/api.w.org\/{rel}","templated":true}]}}