{"id":166,"date":"2022-11-29T17:16:56","date_gmt":"2022-11-29T16:16:56","guid":{"rendered":"https:\/\/www.tambourchaman.fr\/?page_id=166"},"modified":"2024-12-19T15:41:18","modified_gmt":"2024-12-19T14:41:18","slug":"julie","status":"publish","type":"page","link":"https:\/\/www.tambourchaman.fr\/index.php\/julie\/","title":{"rendered":"Qui-suis je?"},"content":{"rendered":"<p>[et_pb_section fb_built=&#8221;1&#8243; admin_label=&#8221;Hero&#8221; _builder_version=&#8221;4.16&#8243; background_image=&#8221;http:\/\/www.tambourchaman.fr\/wp-content\/uploads\/2022\/11\/ours-tambour-medecine.jpg&#8221; background_size=&#8221;initial&#8221; custom_padding=&#8221;35px||27px|||&#8221; global_colors_info=&#8221;{}&#8221;][et_pb_row _builder_version=&#8221;4.16&#8243; background_size=&#8221;initial&#8221; background_position=&#8221;top_left&#8221; background_repeat=&#8221;repeat&#8221; custom_padding=&#8221;||8px|||&#8221; global_colors_info=&#8221;{}&#8221;][et_pb_column type=&#8221;4_4&#8243; _builder_version=&#8221;4.16&#8243; custom_padding=&#8221;|||&#8221; global_colors_info=&#8221;{}&#8221; custom_padding__hover=&#8221;|||&#8221;][et_pb_text admin_label=&#8221;Title&#8221; _builder_version=&#8221;4.16&#8243; header_font=&#8221;Cormorant Garamond|500|||||||&#8221; header_text_align=&#8221;center&#8221; header_font_size=&#8221;64px&#8221; animation_style=&#8221;fade&#8221; global_colors_info=&#8221;{}&#8221;]<\/p>\n<h1>Qui suis-je<\/h1>\n<p>[\/et_pb_text][et_pb_divider color=&#8221;#cccccc&#8221; divider_weight=&#8221;2px&#8221; _builder_version=&#8221;4.16&#8243; max_width=&#8221;80px&#8221; max_width_tablet=&#8221;100px&#8221; max_width_phone=&#8221;100px&#8221; max_width_last_edited=&#8221;off|desktop&#8221; module_alignment=&#8221;center&#8221; animation_style=&#8221;fade&#8221; global_colors_info=&#8221;{}&#8221;][\/et_pb_divider][et_pb_text _builder_version=&#8221;4.16&#8243; text_font=&#8221;Cormorant Garamond|500|||||||&#8221; text_text_color=&#8221;#1e1e1e&#8221; text_font_size=&#8221;20px&#8221; text_line_height=&#8221;1.8em&#8221; text_orientation=&#8221;center&#8221; custom_margin=&#8221;-6px|||||&#8221; global_colors_info=&#8221;{}&#8221;]<\/p>\n<p>Exp\u00e9riment\u00e9e dans l&#8217;art de se r\u00e9inventer je ne manque pas de cr\u00e9ativit\u00e9.<br \/> Toujours pr\u00eate pour l&#8217;aventure en lien avec la nature.<br \/> Un brin sauvage, la t\u00eate dans les nuages.<br \/> Je partage volontiers mes activit\u00e9s avec les int\u00e9ress\u00e9s.<\/p>\n<p>[\/et_pb_text][et_pb_divider color=&#8221;#ebebeb&#8221; divider_position=&#8221;bottom&#8221; _builder_version=&#8221;4.16&#8243; global_colors_info=&#8221;{}&#8221;][\/et_pb_divider][\/et_pb_column][\/et_pb_row][\/et_pb_section][et_pb_section fb_built=&#8221;1&#8243; specialty=&#8221;on&#8221; admin_label=&#8221;Person&#8221; _builder_version=&#8221;4.16&#8243; custom_padding=&#8221;0px|||||&#8221; global_colors_info=&#8221;{}&#8221;][et_pb_column type=&#8221;1_3&#8243; _builder_version=&#8221;4.16&#8243; custom_padding=&#8221;|||&#8221; global_colors_info=&#8221;{}&#8221; custom_padding__hover=&#8221;|||&#8221;][et_pb_image src=&#8221;http:\/\/www.tambourchaman.fr\/wp-content\/uploads\/2022\/11\/julie-vallee-de-la-roya-tende-tambour-chaman.jpg&#8221; title_text=&#8221;julie-vallee-de-la-roya-tende-tambour-chaman&#8221; force_fullwidth=&#8221;on&#8221; align_tablet=&#8221;center&#8221; align_phone=&#8221;&#8221; align_last_edited=&#8221;on|desktop&#8221; _builder_version=&#8221;4.16&#8243; animation_style=&#8221;fade&#8221; locked=&#8221;off&#8221; global_colors_info=&#8221;{}&#8221;][\/et_pb_image][\/et_pb_column][et_pb_column type=&#8221;2_3&#8243; specialty_columns=&#8221;2&#8243; _builder_version=&#8221;4.16&#8243; custom_padding=&#8221;|||&#8221; global_colors_info=&#8221;{}&#8221; custom_padding__hover=&#8221;|||&#8221;][et_pb_row_inner _builder_version=&#8221;4.16&#8243; custom_padding=&#8221;77.7px|0px|0px|0px||&#8221; global_colors_info=&#8221;{}&#8221;][et_pb_column_inner saved_specialty_column_type=&#8221;2_3&#8243; _builder_version=&#8221;4.16&#8243; custom_padding=&#8221;|||&#8221; global_colors_info=&#8221;{}&#8221; custom_padding__hover=&#8221;|||&#8221;][et_pb_text _builder_version=&#8221;4.27.4&#8243; text_font=&#8221;Cormorant Garamond|500|||||||&#8221; text_text_color=&#8221;#1e1e1e&#8221; text_font_size=&#8221;20px&#8221; text_line_height=&#8221;1.8em&#8221; text_orientation=&#8221;center&#8221; custom_margin=&#8221;-6px|||||&#8221; global_colors_info=&#8221;{}&#8221;]<\/p>\n<p>&nbsp;<\/p>\n<p>Issue d&#8217;un milieu montagnard, originaire de la vall\u00e9e de la Roya, sensible et curieuse de nature, je m&#8217;oriente vers des m\u00e9tiers qui me permettent de voyager et d&#8217;\u00eatre \u00e0 l&#8217;ext\u00e9rieur.<br \/>Apr\u00e8s plusieurs ann\u00e9es de nomadisme professionnel, je m&#8217;installe dans la vall\u00e9e de la Roya et y trouve ma stabilit\u00e9, mon ancrage.<br \/>J&#8217;ai deux enfants qui m&#8217;invitent \u00e0 la simplicit\u00e9 et \u00e0 renouer avec l&#8217;essence-ciel.<br \/>Je suis en qu\u00eate de plus de sens dans ma vie. Je rencontre sur mon chemin des personnes qui m&#8217;accompagnent dans cette d\u00e9marche.<\/p>\n<p>\u00a0Je m&#8217;initie aux inipis, \u00e0 l&#8217;art th\u00e9rapie, massage, shiatsu; je d\u00e9couvre en r\u00eave et dans la mati\u00e8re le tambour.<br \/>Mon coeur vibre et c&#8217;est parti pour une nouvelle et belle aventure.<\/p>\n<p>[\/et_pb_text][\/et_pb_column_inner][\/et_pb_row_inner][\/et_pb_column][\/et_pb_section][et_pb_section fb_built=&#8221;1&#8243; _builder_version=&#8221;4.27.4&#8243; _module_preset=&#8221;default&#8221; custom_padding=&#8221;0px|||||&#8221; global_colors_info=&#8221;{}&#8221;][et_pb_row _builder_version=&#8221;4.27.4&#8243; _module_preset=&#8221;default&#8221; global_colors_info=&#8221;{}&#8221;][et_pb_column type=&#8221;4_4&#8243; _builder_version=&#8221;4.27.4&#8243; _module_preset=&#8221;default&#8221; global_colors_info=&#8221;{}&#8221;][et_pb_text _builder_version=&#8221;4.27.4&#8243; _module_preset=&#8221;default&#8221; text_font=&#8221;Cormorant Garamond|500|||||||&#8221; text_text_color=&#8221;#000000&#8243; text_font_size=&#8221;20px&#8221; ul_font_size=&#8221;50px&#8221; global_colors_info=&#8221;{}&#8221;]<\/p>\n<p><strong>\u00a0 Mon Approche<\/strong><strong><\/strong><\/p>\n<p><strong><\/strong><\/p>\n<p>Mes enseignements issus du chamanisme et d&#8217;autres courants, proviennent de diff\u00e9rentes cultures am\u00e9rindienne, celte, asiatique&#8230;<\/p>\n<p>Je les transmet par le biais de pratiques reliant le corps, l&#8217;esprit et le c\u0153ur, dans le respect du rythme personnel et du cycle naturel des saisons.<\/p>\n<p>Lors des s\u00e9ances, je t&#8217;\u00e9coute, je suis attentive \u00e0 mes ressentis, je fais appel aux sagesses ancestrales qui me guident pour t&#8217;accompagner de la fa\u00e7on la plus adapt\u00e9e, la plus juste sur ton chemin.<\/p>\n<p>En qu\u00eate de nouveaux savoirs, toujours \u00e0 l&#8217;\u00e9coute des \u00e9nergies et besoins du moment, les s\u00e9ances sont susceptibles de varier dans leurs formes.<\/p>\n<p>&nbsp;<\/p>\n<p>[\/et_pb_text][\/et_pb_column][\/et_pb_row][\/et_pb_section]<\/p>\n","protected":false},"excerpt":{"rendered":"<p>Qui suis-jeExp\u00e9riment\u00e9e dans l&#8217;art de se r\u00e9inventer je ne manque pas de cr\u00e9ativit\u00e9. Toujours pr\u00eate pour l&#8217;aventure en lien avec la nature. Un brin sauvage, la t\u00eate dans les nuages. Je partage volontiers mes activit\u00e9s avec les int\u00e9ress\u00e9s.&nbsp; Issue d&#8217;un milieu montagnard, originaire de la vall\u00e9e de la Roya, sensible et curieuse de nature, je [&hellip;]<\/p>\n","protected":false},"author":1,"featured_media":0,"parent":0,"menu_order":0,"comment_status":"closed","ping_status":"closed","template":"","meta":{"_et_pb_use_builder":"on","_et_pb_old_content":"","_et_gb_content_width":"","_mc_calendar":[],"footnotes":""},"class_list":["post-166","page","type-page","status-publish","hentry"],"_links":{"self":[{"href":"https:\/\/www.tambourchaman.fr\/index.php\/wp-json\/wp\/v2\/pages\/166","targetHints":{"allow":["GET"]}}],"collection":[{"href":"https:\/\/www.tambourchaman.fr\/index.php\/wp-json\/wp\/v2\/pages"}],"about":[{"href":"https:\/\/www.tambourchaman.fr\/index.php\/wp-json\/wp\/v2\/types\/page"}],"author":[{"embeddable":true,"href":"https:\/\/www.tambourchaman.fr\/index.php\/wp-json\/wp\/v2\/users\/1"}],"replies":[{"embeddable":true,"href":"https:\/\/www.tambourchaman.fr\/index.php\/wp-json\/wp\/v2\/comments?post=166"}],"version-history":[{"count":20,"href":"https:\/\/www.tambourchaman.fr\/index.php\/wp-json\/wp\/v2\/pages\/166\/revisions"}],"predecessor-version":[{"id":374,"href":"https:\/\/www.tambourchaman.fr\/index.php\/wp-json\/wp\/v2\/pages\/166\/revisions\/374"}],"wp:attachment":[{"href":"https:\/\/www.tambourchaman.fr\/index.php\/wp-json\/wp\/v2\/media?parent=166"}],"curies":[{"name":"wp","href":"https:\/\/api.w.org\/{rel}","templated":true}]}}